{"id":371,"date":"2024-05-13T23:44:01","date_gmt":"2024-05-13T21:44:01","guid":{"rendered":"https:\/\/www.naclerio.eu\/?page_id=371"},"modified":"2024-05-14T00:32:57","modified_gmt":"2024-05-13T22:32:57","slug":"sagra-dei-osei-un-viaggio-tra-tradizione-e-cambiamento","status":"publish","type":"page","link":"https:\/\/www.naclerio.eu\/?page_id=371","title":{"rendered":"Sagra Dei Osei: un viaggio tra tradizione e cambiamento"},"content":{"rendered":"\n<p>In questa pagina viene raccolto il materiale della conferenza, tenuta a Sacile nell&#8217;ex chiesa di San Gregorio il 12 maggio alle ore 18:00 durante la Settimana della Cultura e di cui sono stato il promotore ed organizzatore.<\/p>\n\n\n\n<p>Associazione promotrice: Circolo della Cultura del Bello di Sacile Associazione collaboratrice: Pro Sacile<br>Sponsor: VirualGeo s.r.l. di Erminio Canevese<\/p>\n\n\n\n<figure class=\"wp-block-image size-large\"><img loading=\"lazy\" decoding=\"async\" width=\"724\" height=\"1024\" src=\"https:\/\/www.naclerio.eu\/wp-content\/uploads\/2024\/05\/manifestoNaclerioSocial-724x1024.jpg\" alt=\"\" class=\"wp-image-372\" srcset=\"https:\/\/www.naclerio.eu\/wp-content\/uploads\/2024\/05\/manifestoNaclerioSocial-724x1024.jpg 724w, https:\/\/www.naclerio.eu\/wp-content\/uploads\/2024\/05\/manifestoNaclerioSocial-212x300.jpg 212w, https:\/\/www.naclerio.eu\/wp-content\/uploads\/2024\/05\/manifestoNaclerioSocial-768x1086.jpg 768w, https:\/\/www.naclerio.eu\/wp-content\/uploads\/2024\/05\/manifestoNaclerioSocial-1086x1536.jpg 1086w, https:\/\/www.naclerio.eu\/wp-content\/uploads\/2024\/05\/manifestoNaclerioSocial-1448x2048.jpg 1448w, https:\/\/www.naclerio.eu\/wp-content\/uploads\/2024\/05\/manifestoNaclerioSocial-scaled.jpg 1810w\" sizes=\"auto, (max-width: 724px) 100vw, 724px\" \/><\/figure>\n\n\n\n<p>La conferenza, promossa dal Circolo della Cultura del Bello di Sacile, ha come tema principale la manifestazione che oggi noi conosciamo con il nome di Sagra dei Osei e si svolger\u00e0 il 12 maggio alle 18:00 presso l\u2019Ex Chiesa di San Gregorio. La manifestazione \u00e8 mutata in quasi tutti i suoi aspetti nel corso dei suoi quasi otto secoli di storia, nasce cos\u00ec la domanda su cosa sia \u201cTRADIZIONE\u201d in questo contesto. Il nostro aUetto per la manifestazione \u00e8 per lo pi\u00f9 legato a un ricordo di un evento che inizia ad essere cos\u00ec solo dopo il 1907 e i cambiamenti di abitudini e di sensibilit\u00e0 hanno abbattuto molti dei nostri ricordi. Questo ha creato spesso delle fazioni che portano con s\u00e9 il loro personale ricordo, generando a volte scontri e polemiche.<\/p>\n\n\n\n<p>Tenter\u00f2 quindi di ripercorre la storia della manifestazione cercando di dimostrare come essa in realt\u00e0 sia viva grazie proprio al suo continuo \u201cCAMBIAMENTO\u201d e alla sua capacit\u00e0 di adattarsi ai mutamenti; grazie soprattutto ai volontari della ProSacile che vi si dedicano.<br>La conferenza si svolger\u00e0 in una meta narrazione in quanto aUiancher\u00f2 alla classica presentazione di documenti antichi, manifesti e documenti, un mezzo visivo che sfrutta a pieno la tecnologia.<\/p>\n\n\n\n<p>Verranno visti forse per la prima volta in pubblico i documenti del 1273 con cui datiamo la manifestazione, oppure la concessione del 1334 e che per secoli fu gelosamente conservata nei nostri archivi comunali, per poi andare perduta per sempre.<br>Per gentile concessione di Erminio Canevese di VirtualGeo s.r.l. verr\u00e0 usato per la prima volta in questo contesto un ambiente di sviluppo multimediale per la catalogazione e la conservazione del patrimonio artistico culturale. Questa tecnologia prende il nome di InformationCard, una carta di identit\u00e0 digitale e multimediale del nostro patrimonio, usato da me per realizzare un museo virtuale della storia della Sagra dei Osei.<\/p>\n\n\n\n<p>Infine, anche l\u2019intelligenza artificiale, accompagna la presentazione in molti suoi aspetti, spesso nascosti, cercando di integrare innovazione con tradizione. Un esempio \u00e8 la generazione di una copertina della Domenica del Corriere, prodotta dall\u2019IA a scopo provocatorio e usata per la campagna pubblicitaria dell\u2019evento.<\/p>\n\n\n\n<p>Beltrame per disegnare la sua famosa copertina nel 1908 us\u00f2 probabilmente qualche foto e l\u2019articolo del giornalista Arnaldo Fraccaroli, queste stesse condizioni sono state imposte all\u2019IA che ha generato nello stile di Beltrame l\u2019immagine.<br>Che queste tecnologie siano positive o negative lo lascio decidere al pubblico, ma la provocazione tenta di far riflettere proprio sull\u2019equilibrio che deve esserci tra tradizione e cambiamento.<\/p>\n\n\n\n<h2 class=\"wp-block-heading\">Video dell&#8217;evento:<\/h2>\n\n\n\n<figure class=\"wp-block-video\"><video controls src=\"https:\/\/www.naclerio.eu\/archivio\/Video\/SagraDeiOsei_viaggiotradizionecambimento\/videoplayback.mov\"><\/video><\/figure>\n\n\n\n<p><\/p>\n\n\n\n<p><\/p>\n\n\n\n<h2 class=\"wp-block-heading\">Stampa<\/h2>\n\n\n\n<div class=\"wp-block-media-text is-stacked-on-mobile\"><figure class=\"wp-block-media-text__media\"><img loading=\"lazy\" decoding=\"async\" width=\"456\" height=\"574\" src=\"https:\/\/www.naclerio.eu\/wp-content\/uploads\/2024\/05\/05f8c15b-6967-4ec5-9362-03722a1ec6ee.jpg\" alt=\"\" class=\"wp-image-375 size-full\" srcset=\"https:\/\/www.naclerio.eu\/wp-content\/uploads\/2024\/05\/05f8c15b-6967-4ec5-9362-03722a1ec6ee.jpg 456w, https:\/\/www.naclerio.eu\/wp-content\/uploads\/2024\/05\/05f8c15b-6967-4ec5-9362-03722a1ec6ee-238x300.jpg 238w\" sizes=\"auto, (max-width: 456px) 100vw, 456px\" \/><\/figure><div class=\"wp-block-media-text__content\">\n<p>Gazzettino di Pordenone del 11 maggio 2024<\/p>\n<\/div><\/div>\n\n\n\n<div class=\"wp-block-media-text is-stacked-on-mobile\"><figure class=\"wp-block-media-text__media\"><img loading=\"lazy\" decoding=\"async\" width=\"1024\" height=\"516\" src=\"https:\/\/www.naclerio.eu\/wp-content\/uploads\/2024\/05\/c14e228f-ed6f-45a0-a466-0040457e0150-1024x516.jpg\" alt=\"\" class=\"wp-image-376 size-full\" srcset=\"https:\/\/www.naclerio.eu\/wp-content\/uploads\/2024\/05\/c14e228f-ed6f-45a0-a466-0040457e0150-1024x516.jpg 1024w, https:\/\/www.naclerio.eu\/wp-content\/uploads\/2024\/05\/c14e228f-ed6f-45a0-a466-0040457e0150-300x151.jpg 300w, https:\/\/www.naclerio.eu\/wp-content\/uploads\/2024\/05\/c14e228f-ed6f-45a0-a466-0040457e0150-768x387.jpg 768w, https:\/\/www.naclerio.eu\/wp-content\/uploads\/2024\/05\/c14e228f-ed6f-45a0-a466-0040457e0150.jpg 1091w\" sizes=\"auto, (max-width: 706px) 89vw, (max-width: 767px) 82vw, 740px\" \/><\/figure><div class=\"wp-block-media-text__content\">\n<p>Messaggero Veneto del 11 maggio 2024<\/p>\n<\/div><\/div>\n\n\n\n<h2 class=\"wp-block-heading\">Volantino della Conferenza<\/h2>\n\n\n\n<div data-wp-interactive=\"core\/file\" class=\"wp-block-file\"><object data-wp-bind--hidden=\"!state.hasPdfPreview\" hidden class=\"wp-block-file__embed\" data=\"https:\/\/www.naclerio.eu\/wp-content\/uploads\/2024\/05\/Triflod-A4-A.pdf\" type=\"application\/pdf\" style=\"width:100%;height:200px\" aria-label=\"Incorporamento di Triflod-A4-A.\"><\/object><a id=\"wp-block-file--media-2cba1b60-8169-4b35-bb30-78191315b034\" href=\"https:\/\/www.naclerio.eu\/wp-content\/uploads\/2024\/05\/Triflod-A4-A.pdf\">Triflod-A4-A<\/a><a href=\"https:\/\/www.naclerio.eu\/wp-content\/uploads\/2024\/05\/Triflod-A4-A.pdf\" class=\"wp-block-file__button wp-element-button\" download aria-describedby=\"wp-block-file--media-2cba1b60-8169-4b35-bb30-78191315b034\">Download<\/a><\/div>\n\n\n\n<div data-wp-interactive=\"core\/file\" class=\"wp-block-file\"><object data-wp-bind--hidden=\"!state.hasPdfPreview\" hidden class=\"wp-block-file__embed\" data=\"https:\/\/www.naclerio.eu\/wp-content\/uploads\/2024\/05\/Triflod-A4-B-1.pdf\" type=\"application\/pdf\" style=\"width:100%;height:200px\" aria-label=\"Incorporamento di Triflod-A4-B-1.\"><\/object><a id=\"wp-block-file--media-13ad4be0-db3c-4397-8519-f7ed4d2b7484\" href=\"https:\/\/www.naclerio.eu\/wp-content\/uploads\/2024\/05\/Triflod-A4-B-1.pdf\">Triflod-A4-B-1<\/a><a href=\"https:\/\/www.naclerio.eu\/wp-content\/uploads\/2024\/05\/Triflod-A4-B-1.pdf\" class=\"wp-block-file__button wp-element-button\" download aria-describedby=\"wp-block-file--media-13ad4be0-db3c-4397-8519-f7ed4d2b7484\">Download<\/a><\/div>\n","protected":false},"excerpt":{"rendered":"<p>In questa pagina viene raccolto il materiale della conferenza, tenuta a Sacile nell&#8217;ex chiesa di San Gregorio il 12 maggio alle ore 18:00 durante la Settimana della Cultura e di cui sono stato il promotore ed organizzatore. Associazione promotrice: Circolo della Cultura del Bello di Sacile Associazione collaboratrice: Pro SacileSponsor: VirualGeo s.r.l. di Erminio Canevese &hellip; <\/p>\n<p class=\"link-more\"><a href=\"https:\/\/www.naclerio.eu\/?page_id=371\" class=\"more-link\">Leggi tutto<span class=\"screen-reader-text\"> &#8220;Sagra Dei Osei: un viaggio tra tradizione e cambiamento&#8221;<\/span><\/a><\/p>\n","protected":false},"author":1,"featured_media":0,"parent":0,"menu_order":0,"comment_status":"closed","ping_status":"closed","template":"","meta":{"footnotes":""},"class_list":["post-371","page","type-page","status-publish","hentry"],"_links":{"self":[{"href":"https:\/\/www.naclerio.eu\/index.php?rest_route=\/wp\/v2\/pages\/371","targetHints":{"allow":["GET"]}}],"collection":[{"href":"https:\/\/www.naclerio.eu\/index.php?rest_route=\/wp\/v2\/pages"}],"about":[{"href":"https:\/\/www.naclerio.eu\/index.php?rest_route=\/wp\/v2\/types\/page"}],"author":[{"embeddable":true,"href":"https:\/\/www.naclerio.eu\/index.php?rest_route=\/wp\/v2\/users\/1"}],"replies":[{"embeddable":true,"href":"https:\/\/www.naclerio.eu\/index.php?rest_route=%2Fwp%2Fv2%2Fcomments&post=371"}],"version-history":[{"count":4,"href":"https:\/\/www.naclerio.eu\/index.php?rest_route=\/wp\/v2\/pages\/371\/revisions"}],"predecessor-version":[{"id":381,"href":"https:\/\/www.naclerio.eu\/index.php?rest_route=\/wp\/v2\/pages\/371\/revisions\/381"}],"wp:attachment":[{"href":"https:\/\/www.naclerio.eu\/index.php?rest_route=%2Fwp%2Fv2%2Fmedia&parent=371"}],"curies":[{"name":"wp","href":"https:\/\/api.w.org\/{rel}","templated":true}]}}

<p>In questa pagina viene raccolto il materiale della conferenza, tenuta a Sacile nell&#8217;ex chiesa di San Gregorio il 12 maggio alle ore 18:00 durante la Settimana della Cultura e di cui sono stato il promotore ed organizzatore.</p>



<p>Associazione promotrice: Circolo della Cultura del Bello di Sacile Associazione collaboratrice: Pro Sacile<br>Sponsor: VirualGeo s.r.l. di Erminio Canevese</p>



<figure class="wp-block-image size-large"><img loading="lazy" decoding="async" width="724" height="1024" src="https://www.naclerio.eu/wp-content/uploads/2024/05/manifestoNaclerioSocial-724x1024.jpg" alt="" class="wp-image-372" srcset="https://www.naclerio.eu/wp-content/uploads/2024/05/manifestoNaclerioSocial-724x1024.jpg 724w, https://www.naclerio.eu/wp-content/uploads/2024/05/manifestoNaclerioSocial-212x300.jpg 212w, https://www.naclerio.eu/wp-content/uploads/2024/05/manifestoNaclerioSocial-768x1086.jpg 768w, https://www.naclerio.eu/wp-content/uploads/2024/05/manifestoNaclerioSocial-1086x1536.jpg 1086w, https://www.naclerio.eu/wp-content/uploads/2024/05/manifestoNaclerioSocial-1448x2048.jpg 1448w, https://www.naclerio.eu/wp-content/uploads/2024/05/manifestoNaclerioSocial-scaled.jpg 1810w" sizes="auto, (max-width: 724px) 100vw, 724px" /></figure>



<p>La conferenza, promossa dal Circolo della Cultura del Bello di Sacile, ha come tema principale la manifestazione che oggi noi conosciamo con il nome di Sagra dei Osei e si svolgerà il 12 maggio alle 18:00 presso l’Ex Chiesa di San Gregorio. La manifestazione è mutata in quasi tutti i suoi aspetti nel corso dei suoi quasi otto secoli di storia, nasce così la domanda su cosa sia “TRADIZIONE” in questo contesto. Il nostro aUetto per la manifestazione è per lo più legato a un ricordo di un evento che inizia ad essere così solo dopo il 1907 e i cambiamenti di abitudini e di sensibilità hanno abbattuto molti dei nostri ricordi. Questo ha creato spesso delle fazioni che portano con sé il loro personale ricordo, generando a volte scontri e polemiche.</p>



<p>Tenterò quindi di ripercorre la storia della manifestazione cercando di dimostrare come essa in realtà sia viva grazie proprio al suo continuo “CAMBIAMENTO” e alla sua capacità di adattarsi ai mutamenti; grazie soprattutto ai volontari della ProSacile che vi si dedicano.<br>La conferenza si svolgerà in una meta narrazione in quanto aUiancherò alla classica presentazione di documenti antichi, manifesti e documenti, un mezzo visivo che sfrutta a pieno la tecnologia.</p>



<p>Verranno visti forse per la prima volta in pubblico i documenti del 1273 con cui datiamo la manifestazione, oppure la concessione del 1334 e che per secoli fu gelosamente conservata nei nostri archivi comunali, per poi andare perduta per sempre.<br>Per gentile concessione di Erminio Canevese di VirtualGeo s.r.l. verrà usato per la prima volta in questo contesto un ambiente di sviluppo multimediale per la catalogazione e la conservazione del patrimonio artistico culturale. Questa tecnologia prende il nome di InformationCard, una carta di identità digitale e multimediale del nostro patrimonio, usato da me per realizzare un museo virtuale della storia della Sagra dei Osei.</p>



<p>Infine, anche l’intelligenza artificiale, accompagna la presentazione in molti suoi aspetti, spesso nascosti, cercando di integrare innovazione con tradizione. Un esempio è la generazione di una copertina della Domenica del Corriere, prodotta dall’IA a scopo provocatorio e usata per la campagna pubblicitaria dell’evento.</p>



<p>Beltrame per disegnare la sua famosa copertina nel 1908 usò probabilmente qualche foto e l’articolo del giornalista Arnaldo Fraccaroli, queste stesse condizioni sono state imposte all’IA che ha generato nello stile di Beltrame l’immagine.<br>Che queste tecnologie siano positive o negative lo lascio decidere al pubblico, ma la provocazione tenta di far riflettere proprio sull’equilibrio che deve esserci tra tradizione e cambiamento.</p>



<h2 class="wp-block-heading">Video dell&#8217;evento:</h2>



<figure class="wp-block-video"><video controls src="https://www.naclerio.eu/archivio/Video/SagraDeiOsei_viaggiotradizionecambimento/videoplayback.mov"></video></figure>



<p></p>



<p></p>



<h2 class="wp-block-heading">Stampa</h2>



<div class="wp-block-media-text is-stacked-on-mobile"><figure class="wp-block-media-text__media"><img loading="lazy" decoding="async" width="456" height="574" src="https://www.naclerio.eu/wp-content/uploads/2024/05/05f8c15b-6967-4ec5-9362-03722a1ec6ee.jpg" alt="" class="wp-image-375 size-full" srcset="https://www.naclerio.eu/wp-content/uploads/2024/05/05f8c15b-6967-4ec5-9362-03722a1ec6ee.jpg 456w, https://www.naclerio.eu/wp-content/uploads/2024/05/05f8c15b-6967-4ec5-9362-03722a1ec6ee-238x300.jpg 238w" sizes="auto, (max-width: 456px) 100vw, 456px" /></figure><div class="wp-block-media-text__content">
<p>Gazzettino di Pordenone del 11 maggio 2024</p>
</div></div>



<div class="wp-block-media-text is-stacked-on-mobile"><figure class="wp-block-media-text__media"><img loading="lazy" decoding="async" width="1024" height="516" src="https://www.naclerio.eu/wp-content/uploads/2024/05/c14e228f-ed6f-45a0-a466-0040457e0150-1024x516.jpg" alt="" class="wp-image-376 size-full" srcset="https://www.naclerio.eu/wp-content/uploads/2024/05/c14e228f-ed6f-45a0-a466-0040457e0150-1024x516.jpg 1024w, https://www.naclerio.eu/wp-content/uploads/2024/05/c14e228f-ed6f-45a0-a466-0040457e0150-300x151.jpg 300w, https://www.naclerio.eu/wp-content/uploads/2024/05/c14e228f-ed6f-45a0-a466-0040457e0150-768x387.jpg 768w, https://www.naclerio.eu/wp-content/uploads/2024/05/c14e228f-ed6f-45a0-a466-0040457e0150.jpg 1091w" sizes="auto, (max-width: 706px) 89vw, (max-width: 767px) 82vw, 740px" /></figure><div class="wp-block-media-text__content">
<p>Messaggero Veneto del 11 maggio 2024</p>
</div></div>



<h2 class="wp-block-heading">Volantino della Conferenza</h2>



<div data-wp-interactive="core/file" class="wp-block-file"><object data-wp-bind--hidden="!state.hasPdfPreview" hidden class="wp-block-file__embed" data="https://www.naclerio.eu/wp-content/uploads/2024/05/Triflod-A4-A.pdf" type="application/pdf" style="width:100%;height:200px" aria-label="Incorporamento di Triflod-A4-A."></object><a id="wp-block-file--media-2cba1b60-8169-4b35-bb30-78191315b034" href="https://www.naclerio.eu/wp-content/uploads/2024/05/Triflod-A4-A.pdf">Triflod-A4-A</a><a href="https://www.naclerio.eu/wp-content/uploads/2024/05/Triflod-A4-A.pdf" class="wp-block-file__button wp-element-button" download aria-describedby="wp-block-file--media-2cba1b60-8169-4b35-bb30-78191315b034">Download</a></div>



<div data-wp-interactive="core/file" class="wp-block-file"><object data-wp-bind--hidden="!state.hasPdfPreview" hidden class="wp-block-file__embed" data="https://www.naclerio.eu/wp-content/uploads/2024/05/Triflod-A4-B-1.pdf" type="application/pdf" style="width:100%;height:200px" aria-label="Incorporamento di Triflod-A4-B-1."></object><a id="wp-block-file--media-13ad4be0-db3c-4397-8519-f7ed4d2b7484" href="https://www.naclerio.eu/wp-content/uploads/2024/05/Triflod-A4-B-1.pdf">Triflod-A4-B-1</a><a href="https://www.naclerio.eu/wp-content/uploads/2024/05/Triflod-A4-B-1.pdf" class="wp-block-file__button wp-element-button" download aria-describedby="wp-block-file--media-13ad4be0-db3c-4397-8519-f7ed4d2b7484">Download</a></div>
