{"id":94,"date":"2020-12-01T22:04:36","date_gmt":"2020-12-01T21:04:36","guid":{"rendered":"http:\/\/www.naclerio.eu\/?page_id=94"},"modified":"2020-12-01T22:04:36","modified_gmt":"2020-12-01T21:04:36","slug":"lorologio-senza-lancette","status":"publish","type":"page","link":"https:\/\/www.naclerio.eu\/?page_id=94","title":{"rendered":"L&#8217;orologio senza lancette"},"content":{"rendered":"\n<p>La storia inziai quando scrissi un pensiero a novembre 2013  dal titolo \u201cl\u2019orologio senza lancette\u201d che fu pubblicato sul Gazzettino il 6 gennaio 2014. Mentre con la professoressa Andeazza ci mobilitammo con l\u2019amministrazione comunale per fare in modo che venisse risolto il problema. Abbiamo avuto anche un incontro con l\u2019allora assessore Placido Fundar\u00f2 che accolse le nostre segnalazioni ma non pot\u00e8 fare altro che dirci come il comune non poteva intervenire direttamente in quanto la stazione \u00e8 della societ\u00e0 che gestisce le ferrovie. Da allora con il Circolo Culturale del Bello non abbiamo mai mancato di sollecitare la cosa, rassegnandoci per\u00f2 all\u2019impossibilit\u00e0 di un azione del comune.\u00a0Con Liviana Covre ho avuto un confronto perch\u00e8 scrisse un articolo, credo sempre nel gennaio 2014, sull\u2019argomento e oggi possiamo gioire della cosa tutti insieme.<br>Di seguito le inoltro i pensieri che avremmo piacere fossero inseriti in un articolo sulla vicenda. \u00a0<\/p>\n\n\n\n<figure class=\"wp-block-gallery columns-2 is-cropped wp-block-gallery-1 is-layout-flex wp-block-gallery-is-layout-flex\"><ul class=\"blocks-gallery-grid\"><li class=\"blocks-gallery-item\"><figure><img loading=\"lazy\" decoding=\"async\" width=\"1024\" height=\"768\" src=\"https:\/\/www.naclerio.eu\/wp-content\/uploads\/2020\/12\/IMG_5351-1024x768.jpg\" alt=\"\" data-id=\"95\" data-full-url=\"https:\/\/www.naclerio.eu\/wp-content\/uploads\/2020\/12\/IMG_5351-scaled.jpg\" data-link=\"https:\/\/www.naclerio.eu\/?attachment_id=95\" class=\"wp-image-95\" srcset=\"https:\/\/www.naclerio.eu\/wp-content\/uploads\/2020\/12\/IMG_5351-1024x768.jpg 1024w, https:\/\/www.naclerio.eu\/wp-content\/uploads\/2020\/12\/IMG_5351-300x225.jpg 300w, https:\/\/www.naclerio.eu\/wp-content\/uploads\/2020\/12\/IMG_5351-768x576.jpg 768w, https:\/\/www.naclerio.eu\/wp-content\/uploads\/2020\/12\/IMG_5351-1536x1152.jpg 1536w, https:\/\/www.naclerio.eu\/wp-content\/uploads\/2020\/12\/IMG_5351-2048x1536.jpg 2048w, https:\/\/www.naclerio.eu\/wp-content\/uploads\/2020\/12\/IMG_5351-1200x900.jpg 1200w, https:\/\/www.naclerio.eu\/wp-content\/uploads\/2020\/12\/IMG_5351-1980x1485.jpg 1980w\" sizes=\"auto, (max-width: 706px) 89vw, (max-width: 767px) 82vw, 740px\" \/><\/figure><\/li><li class=\"blocks-gallery-item\"><figure><img loading=\"lazy\" decoding=\"async\" width=\"768\" height=\"1024\" src=\"https:\/\/www.naclerio.eu\/wp-content\/uploads\/2020\/12\/IMG_5355-768x1024.jpg\" alt=\"\" data-id=\"96\" data-full-url=\"https:\/\/www.naclerio.eu\/wp-content\/uploads\/2020\/12\/IMG_5355-scaled.jpg\" data-link=\"https:\/\/www.naclerio.eu\/?attachment_id=96\" class=\"wp-image-96\" srcset=\"https:\/\/www.naclerio.eu\/wp-content\/uploads\/2020\/12\/IMG_5355-768x1024.jpg 768w, https:\/\/www.naclerio.eu\/wp-content\/uploads\/2020\/12\/IMG_5355-225x300.jpg 225w, https:\/\/www.naclerio.eu\/wp-content\/uploads\/2020\/12\/IMG_5355-1152x1536.jpg 1152w, https:\/\/www.naclerio.eu\/wp-content\/uploads\/2020\/12\/IMG_5355-1536x2048.jpg 1536w, https:\/\/www.naclerio.eu\/wp-content\/uploads\/2020\/12\/IMG_5355-1200x1600.jpg 1200w, https:\/\/www.naclerio.eu\/wp-content\/uploads\/2020\/12\/IMG_5355-1980x2640.jpg 1980w, https:\/\/www.naclerio.eu\/wp-content\/uploads\/2020\/12\/IMG_5355-scaled.jpg 1920w\" sizes=\"auto, (max-width: 706px) 89vw, (max-width: 767px) 82vw, 740px\" \/><\/figure><\/li><\/ul><figcaption class=\"blocks-gallery-caption\">Foto di Pasquale Naclerio del 25 novembre 2020<\/figcaption><\/figure>\n\n\n\n<p>\u00a0<br>Pasquale Naclerio:&#8221;In un tempo pieno di incertezze, il simbolo di un paradosso, un paradosso temporale ha avuto un lieto fine. Sette anni fa scrissi che la stazione, in un costante degrado, \u00e8 allegoria di molte cose, un luogo per un viaggio, un incontro \u00e8 anche un riparo. Un riparo dal tempo che passa e a questo tempo abbiamo tolto le lancette per non ricordarci che orami per cambiare siamo in ritardo. Oggi la speranza mi si riaccende e spero che queste lancette segnino il tempo di un nuovo futuro.\u201d.<\/p>\n\n\n\n<p>Claudia Andreazza: \u201cAmanti della propria citta&#8217; in tutte le sue componenti civili, e la stazione e&#8217; sinonimo di Civilta&#8217;, i Sacilesi possono finalmente ritrovare sulla facciata della Stazione, in piazza Liberta&#8217; , il grande orologio , assente non giustificato da piu&#8217;di un lustro! Era diventato un oggetto muto e inoperoso, nessuno lo degnava piu&#8217; di uno sguardo, tanto era diventato inutile! Oggi, pero&#8217; , e&#8217; ritornato attivo, vivo e funzionante con le lancette che battono il tempo per la citta&#8217; e per la Storia!&#8221;<\/p>\n\n\n\n<p>Liviana Covre: \u201c&nbsp;&#8220;Anche un orologio fermo segna l&#8217;ora giusta due volte al giorno.\u201d Cos\u00ec diceva Hermann Hess, ma anche lui, di fronte all\u2019orologio senza lancette della stazione di Sacile, avrebbe avuto qualche dubbio sulla sua utilit\u00e0; insieme ai sacilesi che temevano riguardo al futuro della stazione ferroviaria. Quell\u2019orologio senza lancette sembrava il marchio di una sorte fermata nella precariet\u00e0 di un tempo sospeso come quello di un paese che sta conoscendo momenti difficili.Ma ora le lancette hanno ritrovato il loro movimento, quasi per dare un senso nuovo alle cose e creare soluzioni diverse. Potremo credere allora che quell\u2019orologio voglia dirci qualcosa: ognuno il tempo lo si costruisce da s\u00e8, purch\u00e8 abbia coscienza di essere vivo e sappia mantenere la capacit\u00e0 di sentire la speranza, interpretandola alla luce di simboli positivi.\u201d<\/p>\n\n\n\n<div class=\"wp-block-file\"><a href=\"https:\/\/www.naclerio.eu\/wp-content\/uploads\/2020\/12\/Lorologio-senza-lancette.pdf\">L&#8217;orologio senza lancette<\/a><a href=\"https:\/\/www.naclerio.eu\/wp-content\/uploads\/2020\/12\/Lorologio-senza-lancette.pdf\" class=\"wp-block-file__button\" download>Download<\/a><\/div>\n\n\n\n<figure class=\"wp-block-gallery columns-2 is-cropped wp-block-gallery-2 is-layout-flex wp-block-gallery-is-layout-flex\"><ul class=\"blocks-gallery-grid\"><li class=\"blocks-gallery-item\"><figure><img loading=\"lazy\" decoding=\"async\" width=\"954\" height=\"1024\" src=\"https:\/\/www.naclerio.eu\/wp-content\/uploads\/2020\/12\/IMG_5527-954x1024.jpg\" alt=\"\" data-id=\"98\" data-full-url=\"https:\/\/www.naclerio.eu\/wp-content\/uploads\/2020\/12\/IMG_5527-scaled.jpg\" data-link=\"https:\/\/www.naclerio.eu\/?attachment_id=98\" class=\"wp-image-98\" srcset=\"https:\/\/www.naclerio.eu\/wp-content\/uploads\/2020\/12\/IMG_5527-954x1024.jpg 954w, https:\/\/www.naclerio.eu\/wp-content\/uploads\/2020\/12\/IMG_5527-279x300.jpg 279w, https:\/\/www.naclerio.eu\/wp-content\/uploads\/2020\/12\/IMG_5527-768x825.jpg 768w, https:\/\/www.naclerio.eu\/wp-content\/uploads\/2020\/12\/IMG_5527-1430x1536.jpg 1430w, https:\/\/www.naclerio.eu\/wp-content\/uploads\/2020\/12\/IMG_5527-1907x2048.jpg 1907w, https:\/\/www.naclerio.eu\/wp-content\/uploads\/2020\/12\/IMG_5527-1200x1289.jpg 1200w, https:\/\/www.naclerio.eu\/wp-content\/uploads\/2020\/12\/IMG_5527-1980x2126.jpg 1980w\" sizes=\"auto, (max-width: 706px) 89vw, (max-width: 767px) 82vw, 740px\" \/><\/figure><\/li><li class=\"blocks-gallery-item\"><figure><img loading=\"lazy\" decoding=\"async\" width=\"1024\" height=\"773\" src=\"https:\/\/www.naclerio.eu\/wp-content\/uploads\/2020\/12\/IMG_5525-1024x773.jpg\" alt=\"\" data-id=\"99\" data-full-url=\"https:\/\/www.naclerio.eu\/wp-content\/uploads\/2020\/12\/IMG_5525-scaled.jpg\" data-link=\"https:\/\/www.naclerio.eu\/?attachment_id=99\" class=\"wp-image-99\" srcset=\"https:\/\/www.naclerio.eu\/wp-content\/uploads\/2020\/12\/IMG_5525-1024x773.jpg 1024w, https:\/\/www.naclerio.eu\/wp-content\/uploads\/2020\/12\/IMG_5525-300x227.jpg 300w, https:\/\/www.naclerio.eu\/wp-content\/uploads\/2020\/12\/IMG_5525-768x580.jpg 768w, https:\/\/www.naclerio.eu\/wp-content\/uploads\/2020\/12\/IMG_5525-1536x1160.jpg 1536w, https:\/\/www.naclerio.eu\/wp-content\/uploads\/2020\/12\/IMG_5525-2048x1546.jpg 2048w, https:\/\/www.naclerio.eu\/wp-content\/uploads\/2020\/12\/IMG_5525-1200x906.jpg 1200w, https:\/\/www.naclerio.eu\/wp-content\/uploads\/2020\/12\/IMG_5525-1980x1495.jpg 1980w\" sizes=\"auto, (max-width: 706px) 89vw, (max-width: 767px) 82vw, 740px\" \/><\/figure><\/li><\/ul><figcaption class=\"blocks-gallery-caption\">Messaggero del 26 novembre e Gazzettino del 1 dicembre 2020<\/figcaption><\/figure>\n\n\n\n<p><\/p>\n","protected":false},"excerpt":{"rendered":"<p>La storia inziai quando scrissi un pensiero a novembre 2013 dal titolo \u201cl\u2019orologio senza lancette\u201d che fu pubblicato sul Gazzettino il 6 gennaio 2014. Mentre con la professoressa Andeazza ci mobilitammo con l\u2019amministrazione comunale per fare in modo che venisse risolto il problema. Abbiamo avuto anche un incontro con l\u2019allora assessore Placido Fundar\u00f2 che accolse &hellip; <\/p>\n<p class=\"link-more\"><a href=\"https:\/\/www.naclerio.eu\/?page_id=94\" class=\"more-link\">Leggi tutto<span class=\"screen-reader-text\"> &#8220;L&#8217;orologio senza lancette&#8221;<\/span><\/a><\/p>\n","protected":false},"author":1,"featured_media":0,"parent":0,"menu_order":0,"comment_status":"closed","ping_status":"closed","template":"","meta":{"footnotes":""},"class_list":["post-94","page","type-page","status-publish","hentry"],"_links":{"self":[{"href":"https:\/\/www.naclerio.eu\/index.php?rest_route=\/wp\/v2\/pages\/94","targetHints":{"allow":["GET"]}}],"collection":[{"href":"https:\/\/www.naclerio.eu\/index.php?rest_route=\/wp\/v2\/pages"}],"about":[{"href":"https:\/\/www.naclerio.eu\/index.php?rest_route=\/wp\/v2\/types\/page"}],"author":[{"embeddable":true,"href":"https:\/\/www.naclerio.eu\/index.php?rest_route=\/wp\/v2\/users\/1"}],"replies":[{"embeddable":true,"href":"https:\/\/www.naclerio.eu\/index.php?rest_route=%2Fwp%2Fv2%2Fcomments&post=94"}],"version-history":[{"count":1,"href":"https:\/\/www.naclerio.eu\/index.php?rest_route=\/wp\/v2\/pages\/94\/revisions"}],"predecessor-version":[{"id":100,"href":"https:\/\/www.naclerio.eu\/index.php?rest_route=\/wp\/v2\/pages\/94\/revisions\/100"}],"wp:attachment":[{"href":"https:\/\/www.naclerio.eu\/index.php?rest_route=%2Fwp%2Fv2%2Fmedia&parent=94"}],"curies":[{"name":"wp","href":"https:\/\/api.w.org\/{rel}","templated":true}]}}

<p>La storia inziai quando scrissi un pensiero a novembre 2013  dal titolo “l’orologio senza lancette” che fu pubblicato sul Gazzettino il 6 gennaio 2014. Mentre con la professoressa Andeazza ci mobilitammo con l’amministrazione comunale per fare in modo che venisse risolto il problema. Abbiamo avuto anche un incontro con l’allora assessore Placido Fundarò che accolse le nostre segnalazioni ma non potè fare altro che dirci come il comune non poteva intervenire direttamente in quanto la stazione è della società che gestisce le ferrovie. Da allora con il Circolo Culturale del Bello non abbiamo mai mancato di sollecitare la cosa, rassegnandoci però all’impossibilità di un azione del comune. Con Liviana Covre ho avuto un confronto perchè scrisse un articolo, credo sempre nel gennaio 2014, sull’argomento e oggi possiamo gioire della cosa tutti insieme.<br>Di seguito le inoltro i pensieri che avremmo piacere fossero inseriti in un articolo sulla vicenda.  </p>



<figure class="wp-block-gallery columns-2 is-cropped wp-block-gallery-1 is-layout-flex wp-block-gallery-is-layout-flex"><ul class="blocks-gallery-grid"><li class="blocks-gallery-item"><figure><img loading="lazy" decoding="async" width="1024" height="768" src="https://www.naclerio.eu/wp-content/uploads/2020/12/IMG_5351-1024x768.jpg" alt="" data-id="95" data-full-url="https://www.naclerio.eu/wp-content/uploads/2020/12/IMG_5351-scaled.jpg" data-link="https://www.naclerio.eu/?attachment_id=95" class="wp-image-95" srcset="https://www.naclerio.eu/wp-content/uploads/2020/12/IMG_5351-1024x768.jpg 1024w, https://www.naclerio.eu/wp-content/uploads/2020/12/IMG_5351-300x225.jpg 300w, https://www.naclerio.eu/wp-content/uploads/2020/12/IMG_5351-768x576.jpg 768w, https://www.naclerio.eu/wp-content/uploads/2020/12/IMG_5351-1536x1152.jpg 1536w, https://www.naclerio.eu/wp-content/uploads/2020/12/IMG_5351-2048x1536.jpg 2048w, https://www.naclerio.eu/wp-content/uploads/2020/12/IMG_5351-1200x900.jpg 1200w, https://www.naclerio.eu/wp-content/uploads/2020/12/IMG_5351-1980x1485.jpg 1980w" sizes="auto, (max-width: 706px) 89vw, (max-width: 767px) 82vw, 740px" /></figure></li><li class="blocks-gallery-item"><figure><img loading="lazy" decoding="async" width="768" height="1024" src="https://www.naclerio.eu/wp-content/uploads/2020/12/IMG_5355-768x1024.jpg" alt="" data-id="96" data-full-url="https://www.naclerio.eu/wp-content/uploads/2020/12/IMG_5355-scaled.jpg" data-link="https://www.naclerio.eu/?attachment_id=96" class="wp-image-96" srcset="https://www.naclerio.eu/wp-content/uploads/2020/12/IMG_5355-768x1024.jpg 768w, https://www.naclerio.eu/wp-content/uploads/2020/12/IMG_5355-225x300.jpg 225w, https://www.naclerio.eu/wp-content/uploads/2020/12/IMG_5355-1152x1536.jpg 1152w, https://www.naclerio.eu/wp-content/uploads/2020/12/IMG_5355-1536x2048.jpg 1536w, https://www.naclerio.eu/wp-content/uploads/2020/12/IMG_5355-1200x1600.jpg 1200w, https://www.naclerio.eu/wp-content/uploads/2020/12/IMG_5355-1980x2640.jpg 1980w, https://www.naclerio.eu/wp-content/uploads/2020/12/IMG_5355-scaled.jpg 1920w" sizes="auto, (max-width: 706px) 89vw, (max-width: 767px) 82vw, 740px" /></figure></li></ul><figcaption class="blocks-gallery-caption">Foto di Pasquale Naclerio del 25 novembre 2020</figcaption></figure>



<p> <br>Pasquale Naclerio:&#8221;In un tempo pieno di incertezze, il simbolo di un paradosso, un paradosso temporale ha avuto un lieto fine. Sette anni fa scrissi che la stazione, in un costante degrado, è allegoria di molte cose, un luogo per un viaggio, un incontro è anche un riparo. Un riparo dal tempo che passa e a questo tempo abbiamo tolto le lancette per non ricordarci che orami per cambiare siamo in ritardo. Oggi la speranza mi si riaccende e spero che queste lancette segnino il tempo di un nuovo futuro.”.</p>



<p>Claudia Andreazza: “Amanti della propria citta&#8217; in tutte le sue componenti civili, e la stazione e&#8217; sinonimo di Civilta&#8217;, i Sacilesi possono finalmente ritrovare sulla facciata della Stazione, in piazza Liberta&#8217; , il grande orologio , assente non giustificato da piu&#8217;di un lustro! Era diventato un oggetto muto e inoperoso, nessuno lo degnava piu&#8217; di uno sguardo, tanto era diventato inutile! Oggi, pero&#8217; , e&#8217; ritornato attivo, vivo e funzionante con le lancette che battono il tempo per la citta&#8217; e per la Storia!&#8221;</p>



<p>Liviana Covre: “&nbsp;&#8220;Anche un orologio fermo segna l&#8217;ora giusta due volte al giorno.” Così diceva Hermann Hess, ma anche lui, di fronte all’orologio senza lancette della stazione di Sacile, avrebbe avuto qualche dubbio sulla sua utilità; insieme ai sacilesi che temevano riguardo al futuro della stazione ferroviaria. Quell’orologio senza lancette sembrava il marchio di una sorte fermata nella precarietà di un tempo sospeso come quello di un paese che sta conoscendo momenti difficili.Ma ora le lancette hanno ritrovato il loro movimento, quasi per dare un senso nuovo alle cose e creare soluzioni diverse. Potremo credere allora che quell’orologio voglia dirci qualcosa: ognuno il tempo lo si costruisce da sè, purchè abbia coscienza di essere vivo e sappia mantenere la capacità di sentire la speranza, interpretandola alla luce di simboli positivi.”</p>



<div class="wp-block-file"><a href="https://www.naclerio.eu/wp-content/uploads/2020/12/Lorologio-senza-lancette.pdf">L&#8217;orologio senza lancette</a><a href="https://www.naclerio.eu/wp-content/uploads/2020/12/Lorologio-senza-lancette.pdf" class="wp-block-file__button" download>Download</a></div>



<figure class="wp-block-gallery columns-2 is-cropped wp-block-gallery-2 is-layout-flex wp-block-gallery-is-layout-flex"><ul class="blocks-gallery-grid"><li class="blocks-gallery-item"><figure><img loading="lazy" decoding="async" width="954" height="1024" src="https://www.naclerio.eu/wp-content/uploads/2020/12/IMG_5527-954x1024.jpg" alt="" data-id="98" data-full-url="https://www.naclerio.eu/wp-content/uploads/2020/12/IMG_5527-scaled.jpg" data-link="https://www.naclerio.eu/?attachment_id=98" class="wp-image-98" srcset="https://www.naclerio.eu/wp-content/uploads/2020/12/IMG_5527-954x1024.jpg 954w, https://www.naclerio.eu/wp-content/uploads/2020/12/IMG_5527-279x300.jpg 279w, https://www.naclerio.eu/wp-content/uploads/2020/12/IMG_5527-768x825.jpg 768w, https://www.naclerio.eu/wp-content/uploads/2020/12/IMG_5527-1430x1536.jpg 1430w, https://www.naclerio.eu/wp-content/uploads/2020/12/IMG_5527-1907x2048.jpg 1907w, https://www.naclerio.eu/wp-content/uploads/2020/12/IMG_5527-1200x1289.jpg 1200w, https://www.naclerio.eu/wp-content/uploads/2020/12/IMG_5527-1980x2126.jpg 1980w" sizes="auto, (max-width: 706px) 89vw, (max-width: 767px) 82vw, 740px" /></figure></li><li class="blocks-gallery-item"><figure><img loading="lazy" decoding="async" width="1024" height="773" src="https://www.naclerio.eu/wp-content/uploads/2020/12/IMG_5525-1024x773.jpg" alt="" data-id="99" data-full-url="https://www.naclerio.eu/wp-content/uploads/2020/12/IMG_5525-scaled.jpg" data-link="https://www.naclerio.eu/?attachment_id=99" class="wp-image-99" srcset="https://www.naclerio.eu/wp-content/uploads/2020/12/IMG_5525-1024x773.jpg 1024w, https://www.naclerio.eu/wp-content/uploads/2020/12/IMG_5525-300x227.jpg 300w, https://www.naclerio.eu/wp-content/uploads/2020/12/IMG_5525-768x580.jpg 768w, https://www.naclerio.eu/wp-content/uploads/2020/12/IMG_5525-1536x1160.jpg 1536w, https://www.naclerio.eu/wp-content/uploads/2020/12/IMG_5525-2048x1546.jpg 2048w, https://www.naclerio.eu/wp-content/uploads/2020/12/IMG_5525-1200x906.jpg 1200w, https://www.naclerio.eu/wp-content/uploads/2020/12/IMG_5525-1980x1495.jpg 1980w" sizes="auto, (max-width: 706px) 89vw, (max-width: 767px) 82vw, 740px" /></figure></li></ul><figcaption class="blocks-gallery-caption">Messaggero del 26 novembre e Gazzettino del 1 dicembre 2020</figcaption></figure>



<p></p>

<p>La storia inziai quando scrissi un pensiero a novembre 2013 dal titolo “l’orologio senza lancette” che fu pubblicato sul Gazzettino il 6 gennaio 2014. Mentre con la professoressa Andeazza ci mobilitammo con l’amministrazione comunale per fare in modo che venisse risolto il problema. Abbiamo avuto anche un incontro con l’allora assessore Placido Fundarò che accolse &hellip; </p>
<p class="link-more"><a href="https://www.naclerio.eu/?page_id=94" class="more-link">Leggi tutto<span class="screen-reader-text"> &#8220;L&#8217;orologio senza lancette&#8221;</span></a></p>
